{"id":2571,"date":"2026-03-29T10:28:58","date_gmt":"2026-03-29T10:28:58","guid":{"rendered":"https:\/\/iglaps.net\/nordwallmarin\/?post_type=product&#038;p=2571"},"modified":"2026-03-29T10:29:07","modified_gmt":"2026-03-29T10:29:07","slug":"df140-fran-2010-2012","status":"publish","type":"product","link":"https:\/\/iglaps.net\/nordwallmarin\/product\/df140-fran-2010-2012\/","title":{"rendered":"DF140 fr\u00e5n 2010-2012"},"content":{"rendered":"<h2>Suzuki Servicesats 17400-92852-000<\/h2>\n<p>&nbsp;<\/p>\n<p>Servicekit med allt du beh\u00f6ver f\u00f6r att v\u00e5rda din Suzuki DF140 fr\u00e5n 2010-2012. Komplettera endast med olja.<\/p>\n<p>Satsen har OEM nummer 17400-92852-000 (ers\u00e4tter 17400-92851-000) och inneh\u00e5ller f\u00f6ljande originaldelar:<\/p>\n<ul>\n<li>1 x Reparationskit till vattenpump med impeller (17400-92J21-000)<\/li>\n<li>1 x Oljefilter (16510-61A31-000)<\/li>\n<li>4 x T\u00e4ndstift BKR6W (09482-00427-000)<\/li>\n<li>1 x Saxpinne propeller (09204-03003-000)<\/li>\n<li>2 x Packning (09168-10022-000)<\/li>\n<li>1 x Packning (09168-12012-000)<\/li>\n<li>4 x Anoder (55321-87J01-000)<\/li>\n<li>2 x Packning (11265-87E10-000)<\/li>\n<li>2 x O-ring (09280-22019-000)<\/li>\n<li>1 x O-ring (09280-56005-000<\/li>\n<li>1 x O-ring (09280-60007-000)<\/li>\n<li>1 x O-ring (09280-70002-000)<\/li>\n<li>1 x Impellerkil (09420-05009-000)<\/li>\n<li>1 x Br\u00e4nslefilter (15410-87J30-000)<\/li>\n<li>1 x Packning (16621-73G00-000)<\/li>\n<\/ul>\n","protected":false},"excerpt":{"rendered":"<p>Suzuki Servicesats 17400-92852-000 &nbsp; Servicekit med allt du beh\u00f6ver f\u00f6r att v\u00e5rda din Suzuki DF140 fr\u00e5n 2010-2012. Komplettera endast med olja. Satsen har OEM nummer 17400-92852-000 (ers\u00e4tter 17400-92851-000) och inneh\u00e5ller f\u00f6ljande originaldelar: 1 x Reparationskit till vattenpump med impeller (17400-92J21-000) 1 x Oljefilter (16510-61A31-000) 4 x T\u00e4ndstift BKR6W (09482-00427-000) 1 x Saxpinne propeller (09204-03003-000) 2 [&hellip;]<\/p>\n","protected":false},"featured_media":1893,"comment_status":"closed","ping_status":"closed","template":"","meta":{"_acf_changed":false},"product_brand":[],"product_cat":[259],"product_tag":[],"class_list":{"0":"post-2571","1":"product","2":"type-product","3":"status-publish","4":"has-post-thumbnail","6":"product_cat-suzuki-servicekit","8":"first","9":"instock","10":"shipping-taxable","11":"purchasable","12":"product-type-simple"},"acf":[],"_links":{"self":[{"href":"https:\/\/iglaps.net\/nordwallmarin\/wp-json\/wp\/v2\/product\/2571","targetHints":{"allow":["GET"]}}],"collection":[{"href":"https:\/\/iglaps.net\/nordwallmarin\/wp-json\/wp\/v2\/product"}],"about":[{"href":"https:\/\/iglaps.net\/nordwallmarin\/wp-json\/wp\/v2\/types\/product"}],"replies":[{"embeddable":true,"href":"https:\/\/iglaps.net\/nordwallmarin\/wp-json\/wp\/v2\/comments?post=2571"}],"wp:featuredmedia":[{"embeddable":true,"href":"https:\/\/iglaps.net\/nordwallmarin\/wp-json\/wp\/v2\/media\/1893"}],"wp:attachment":[{"href":"https:\/\/iglaps.net\/nordwallmarin\/wp-json\/wp\/v2\/media?parent=2571"}],"wp:term":[{"taxonomy":"product_brand","embeddable":true,"href":"https:\/\/iglaps.net\/nordwallmarin\/wp-json\/wp\/v2\/product_brand?post=2571"},{"taxonomy":"product_cat","embeddable":true,"href":"https:\/\/iglaps.net\/nordwallmarin\/wp-json\/wp\/v2\/product_cat?post=2571"},{"taxonomy":"product_tag","embeddable":true,"href":"https:\/\/iglaps.net\/nordwallmarin\/wp-json\/wp\/v2\/product_tag?post=2571"}],"curies":[{"name":"wp","href":"https:\/\/api.w.org\/{rel}","templated":true}]}}