{"id":1425,"date":"2026-02-23T06:54:23","date_gmt":"2026-02-23T06:54:23","guid":{"rendered":"https:\/\/iglaps.net\/nordwallmarin\/?post_type=product&#038;p=1425"},"modified":"2026-03-30T07:37:11","modified_gmt":"2026-03-30T07:37:11","slug":"xto-450hk-v8","status":"publish","type":"product","link":"https:\/\/iglaps.net\/nordwallmarin\/product\/xto-450hk-v8\/","title":{"rendered":"XTO 450hk V8"},"content":{"rendered":"<p>I den h\u00e4r flaggskepsmodellen kombineras Yamahafiness med h\u00e4rlig, kompromissl\u00f6s kraft. En 5,6-liters, naturligt aspirerad V8 driver din b\u00e5t som om den spelade huvudrollen i sin egen actionfilm, uppbackat av direktinsprutning f\u00f6r knivskarp respons och imponerande effektivitet. Integrerad digital elektrisk styrning j\u00e4mnar ut varje r\u00f6relse s\u00e5 s\u00f6ml\u00f6st att \u00e4ven sv\u00e5ra man\u00f6vrar blir till \u00f6gonblick av stillsam briljans \u2013 som du sj\u00e4lvklart tar \u00e5t dig \u00e4ran f\u00f6r. Och med Helm Master EX\u00ae-kompatibilitet f\u00f6rvandlas till\u00e4ggningen fr\u00e5n en stressig utmaning till filmisk triumf \u2013 av den sorten som f\u00e5r folk att appl\u00e5dera. H\u00f6gt eller i tysthet, beroende p\u00e5 din marina.<\/p>\n","protected":false},"excerpt":{"rendered":"<p>I den h\u00e4r flaggskepsmodellen kombineras Yamahafiness med h\u00e4rlig, kompromissl\u00f6s kraft. En 5,6-liters, naturligt aspirerad V8 driver din b\u00e5t som om den spelade huvudrollen i sin egen actionfilm, uppbackat av direktinsprutning f\u00f6r knivskarp respons och imponerande effektivitet. Integrerad digital elektrisk styrning j\u00e4mnar ut varje r\u00f6relse s\u00e5 s\u00f6ml\u00f6st att \u00e4ven sv\u00e5ra man\u00f6vrar blir till \u00f6gonblick av stillsam [&hellip;]<\/p>\n","protected":false},"featured_media":1426,"comment_status":"open","ping_status":"closed","template":"","meta":{"_acf_changed":false},"product_brand":[269],"product_cat":[265],"product_tag":[],"class_list":{"0":"post-1425","1":"product","2":"type-product","3":"status-publish","4":"has-post-thumbnail","6":"product_brand-yamaha-sv","7":"product_cat-utombordare","9":"first","10":"instock","11":"shipping-taxable","12":"purchasable","13":"product-type-simple"},"acf":[],"_links":{"self":[{"href":"https:\/\/iglaps.net\/nordwallmarin\/wp-json\/wp\/v2\/product\/1425","targetHints":{"allow":["GET"]}}],"collection":[{"href":"https:\/\/iglaps.net\/nordwallmarin\/wp-json\/wp\/v2\/product"}],"about":[{"href":"https:\/\/iglaps.net\/nordwallmarin\/wp-json\/wp\/v2\/types\/product"}],"replies":[{"embeddable":true,"href":"https:\/\/iglaps.net\/nordwallmarin\/wp-json\/wp\/v2\/comments?post=1425"}],"wp:featuredmedia":[{"embeddable":true,"href":"https:\/\/iglaps.net\/nordwallmarin\/wp-json\/wp\/v2\/media\/1426"}],"wp:attachment":[{"href":"https:\/\/iglaps.net\/nordwallmarin\/wp-json\/wp\/v2\/media?parent=1425"}],"wp:term":[{"taxonomy":"product_brand","embeddable":true,"href":"https:\/\/iglaps.net\/nordwallmarin\/wp-json\/wp\/v2\/product_brand?post=1425"},{"taxonomy":"product_cat","embeddable":true,"href":"https:\/\/iglaps.net\/nordwallmarin\/wp-json\/wp\/v2\/product_cat?post=1425"},{"taxonomy":"product_tag","embeddable":true,"href":"https:\/\/iglaps.net\/nordwallmarin\/wp-json\/wp\/v2\/product_tag?post=1425"}],"curies":[{"name":"wp","href":"https:\/\/api.w.org\/{rel}","templated":true}]}}